. Calculate the remainder when o is divided by 16.
11
Let b = -26 - -37. Suppose 5*d - 300 = 5*m, -5*m - 149 = -4*d + 153. Let u = m + 95. What is the remainder when u is divided by b?
0
Let j(c) = -50*c + 462. Let r be j(6). Let a(t) = -25*t. Let k be a(5). Let m = r + k. What is the remainder when m is divided by 7?
2
Let r = -1 + 9. Let a(w) = w**2 - 6*w + 2. Let v be a(r). Let k = v - -3. Calculate the remainder when k is divided by 6.
3
Let v be 9 + (0 - (-1 - 0)). Suppose -9 = -3*i + b, -3*i - i + 2*b = -v. Suppose -i*s + 6*s = 74. Calculate the remainder when 73 is divided by s.
36
Suppose -2*h = 34*y - 33*y - 21, 2*h - 3*y = 41. What is the remainder when 24 is divided by h?
11
Suppose 0 = 3*i + 3*k + 12 - 3, -3*k = 4*i + 9. Suppose 9*m - 8*m - 30 = i. What is the remainder when m is divided by 11?
8
Suppose -14 = -3*l + 217. Let u = 1237 - 1216. What is the remainder when l is divided by u?
14
Let k(q) = 68*q**3 + 748*q**2 - 10*q - 44. What is the remainder when 447 is divided by k(-11)?
51
Let n = -835 + 853. Let u(v) = 3*v. Let x be u(1). Suppose -x*l + 34 = 4. What is the remainder when n is divided by l?
8
Let j(o) = -15*o**2 - 44*o + 10. Let g be 0/(0 + 2 - -1). Calculate the remainder when g + 1/(2/64) is divided by j(-3).
4
Suppose x = -3*b + 1, -13 = -4*b - x + 2*x. Suppose -b*l - 4*g = -3*l + 233, -3*l + 731 = 4*g. What is the remainder when l is divided by 81?
79
Let h = 3015 + -2946. Calculate the remainder when h is divided by 42.
27
Let s = -105803 + 105807. Suppose -3*j - 73 = -2*a, 5*j = -1 + 6. Suppose l - 32 = -2*r, 4*r - 5*r + 5*l + a = 0. What is the remainder when r is divided by s?
2
Suppose 25*i - 27*i + 4 = 0. Let q(x) = -x + i*x + 23 - 11*x. Calculate the remainder when q(-7) is divided by 32.
29
Let u = -40 - -51. Calculate the remainder when (6/(-15))/(-3 - 1196/(-400)) is divided by u.
7
Let q = 47 - 9. Suppose -t - 6 = -28. Let n = -12 + t. Calculate the remainder when q is divided by n.
8
Let j(s) = -2*s**2 - 16*s + 6. Let u be j(-9). Let t = 70 + u. What is the remainder when t is divided by 5/(-1 - 12/(-9))?
13
Suppose 0 = -u - 2*u + 516. Suppose -u = 49*o - 53*o. What is the remainder when 126 is divided by o?
40
Suppose 0 = 16*x + 2*x - 180. Let p = 180 - -8. Suppose 7*r = 3*r + p. What is the remainder when r is divided by x?
7
Let y = 3741 + -3715. What is the remainder when 118 is divided by y?
14
Calculate the remainder when -4 + (910 - ((-34)/(-187) + (-53)/(-11))) is divided by 5.
1
Suppose 0 = 2*k - 3*t - 53 + 2, 0 = -4*k - 5*t + 135. What is the remainder when (-3 + 2)*k*(-6)/10 is divided by 6?
0
Suppose 13 = o + 1. Suppose -6*u + o*u - 30 = 0. Suppose 95 = 2*j - u*z, -2*j - 2*z + 130 = 2*j. What is the remainder when 138 is divided by j?
33
Let c(t) = -t**2 - t + 16. What is the remainder when 3030 is divided by c(-4)?
2
Let h(s) = 17*s - 293. Calculate the remainder when 134 is divided by h(22).
53
Let m(n) be the third derivative of 3*n**4/8 - 11*n**3/3 + 2*n**2. Let p(l) = l**3 + 26*l**2 - 29*l - 43. What is the remainder when m(12) is divided by p(-27)?
9
Suppose -69*p + 8733 = 54*p. Calculate the remainder when 176 is divided by p.
34
Let k(o) = 4*o**2 - 16*o + 50. Let v be k(10). Suppose -v = -t - 247. Calculate the remainder when t is divided by 23.
20
Let o(l) = -138 + 68 + 71 - 27*l + l**3. Calculate the remainder when o(6) is divided by 20.
15
What is the remainder when 281 is divided by (2 - -193)/5 - 4?
1
Let d(q) = q**3 + 7*q**2 - q. Calculate the remainder when 174 is divided by d(4).
2
Suppose 0 = -c + 2*y - 1, -13 = -3*c - 0*y - 2*y. Suppose 36*k - 81 + 1845 = 0. What is the remainder when 68 is divided by ((-18)/21)/c*k?
12
Suppose 40*y = -22*y + 2066 - 640. Let i = 144 - 61. Calculate the remainder when i is divided by y.
14
What is the remainder when 470 + 11 - (-192)/16 is divided by 185?
123
Suppose -9*q + 48 = 8*q - 13*q. Let g = 37 - 4. Calculate the remainder when g is divided by q.
9
Suppose 8*g + 10545 = 27*g. Suppose -g*p + 552*p = -135. Calculate the remainder when 81 is divided by p.
36
Suppose 0*f = -f - 5*m - 264, -2*f = -3*m + 541. Let a = 423 + f. Calculate the remainder when a is divided by -2 + (-326)/(-8) + 2/8.
37
Suppose 209*n - 85 = 204*n. Let y be (-2)/(-3)*(-255)/(-10). Suppose 5*h - 33 - y = 0. What is the remainder when n is divided by h?
7
Let w(i) = 833*i + 4800. What is the remainder when w(-5) is divided by 180?
95
Suppose 3*m + 4*x = 0, -15 - 20 = -5*m + 5*x. Let h be (2 + -3 - 13) + m. Calculate the remainder when 11 is divided by (-3)/(-6) + (-85)/h.
2
Let y = 6 + 0. Let o(b) = -b**3 + 7*b**2 + 3*b + 1. Suppose -2*i + 12 = -22*m + 23*m, -5*i = -2*m + 60. Calculate the remainder when o(y) is divided by m.
15
Suppose -4*o = -20*o - 100 + 1188. Suppose 46 = -5*w - t, 8*w + 42 = 3*w - 2*t. Let a = w + 18. Calculate the remainder when o is divided by a.
4
Suppose 3944 = -109*i + 101*i + 15896. What is the remainder when i is divided by 5?
4
Suppose 0*f - f + 4 = 0. Suppose -7*k = -f*k - 51. Suppose 178 = 219*j - 2450. What is the remainder when k is divided by j?
5
Let o = -7 - -14. Suppose -2*g = -o*g + 870. What is the remainder when g is divided by (-153230)/(-3465) - (-4)/(-18)?
42
Let o = 20262 + -20229. Let l = 218 - 144. Suppose -3*q + 375 = 5*j - 80, 4*q - l = -j. What is the remainder when j is divided by o?
28
What is the remainder when -2 - 4/(-3) - 1658966/(-894) is divided by 11?
7
Let u(x) = 50*x - 44. Let s(y) = -8*y + 218. Let o be s(27). Calculate the remainder when 161 is divided by u(o).
49
Let i(s) = -109*s + 17. What is the remainder when 1883 is divided by i(-1)?
119
Let z be 482/8 + 1/(-4) + 0. Let c = z + -54. Calculate the remainder when 9 is divided by c.
3
Let h(b) = 5*b**2 + 3*b - 3. Let v be h(-3). Suppose 4*j - v = -4*c + 9*j, -4*j + 36 = 2*c. Calculate the remainder when 215 is divided by c.
11
Let y(d) = 2*d**3 + 16*d**2 - 33*d + 79. Suppose 9*q = -4*v + 5*q + 440, -2 = -2*q. What is the remainder when y(-9) is divided by v?
105
Suppose 7104 = -20*b + 1124. Let n = -261 - b. What is the remainder when n is divided by 13?
12
Let m = -18 - -11. Let g be ((-42)/(-4))/m*-2. Suppose -u + 55 = l, 2*u - g*l + 217 = 6*u. What is the remainder when u is divided by 19?
14
Suppose 35 - 7 = 14*v. Suppose -3*l - 2 = -v*l, -q + 8 = -2*l. Calculate the remainder when 7 is divided by q.
3
Suppose 627*n = -54*n + 222779 - 6221. Calculate the remainder when 722 is divided by n.
86
Let x(f) = 2*f**2 + 2*f - 54. Let n be x(11). Suppose 30 = -n*z + 207*z. Let u(a) = a**2 + 19. What is the remainder when u(z) is divided by 30?
29
Suppose -3*h + 3282 = -3*v, 2*h + 1013 = -v + 3189. What is the remainder when h is divided by 216?
10
Let b(q) = -5*q**3 + 6*q**2 + 12*q + 2. What is the remainder when 437 is divided by b(-2)?
17
Let p = -53 + 89. Let v = 23298 + -23193. What is the remainder when v is divided by p?
33
Let l = -5488 + 7123. What is the remainder when l is divided by 40?
35
Let v(d) = 33*d - 231. Let n be v(7). Suppose n = 9*t + 64 - 370. Calculate the remainder when 99 is divided by t.
31
Let k(h) = 2*h**2 + 81*h - 16. Let g(m) = 14*m + 113. Let b be g(-11). What is the remainder when 35 is divided by k(b)?
10
Let h(u) be the second derivative of 7*u**3/6 - u**2/2 + 53*u + 1. Let j(s) = 2*s**2 + 5*s + 2. Let c be j(-3). What is the remainder when h(c) is divided by 9?
7
Let o = 4227 + -3776. What is the remainder when 1366 is divided by o?
13
Let t(k) = k**2 - 65*k - 1092. What is the remainder when t(-19) is divided by 101?
100
Let d = -245 + 271. Suppose -d*j = -33*j + 147. Suppose i - 5*i = 2*v - 56, -i + 2*v + 9 = 0. What is the remainder when j is divided by i?
8
Let f(v) = v + 258. Let s(x) = -711*x + 3581. What is the remainder when f(0) is divided by s(5)?
24
Calculate the remainder when ((-53)/3)/(3/(-36)) is divided by (8*90/1200)/((-1)/(-90)).
50
Suppose 0 = -2*w - 2*g + 1248, 7*g - 6*g + 2466 = 4*w. Calculate the remainder when w is divided by 149.
22
Let r(u) = -5*u**2 + 14*u + 139. Calculate the remainder when r(0) is divided by 43.
10
What is the remainder when 125 is divided by ((-52)/20 + 3)*(-4880)/(-32)?
3
What is the remainder when -8 - 6 - (-593 - 16) is divided by 20?
15
Suppose 330 = -6*h - 0*h. Let 